{"id":915,"date":"2014-11-25T08:05:58","date_gmt":"2014-11-25T08:05:58","guid":{"rendered":"http:\/\/www.hgsempai.fr\/atelier\/?page_id=915"},"modified":"2020-05-07T15:52:59","modified_gmt":"2020-05-07T15:52:59","slug":"a-propos","status":"publish","type":"page","link":"https:\/\/www.hgsempai.fr\/atelier\/?page_id=915","title":{"rendered":"A propos \/ Licence"},"content":{"rendered":"\n<p>L&rsquo;Atelier d&rsquo;HG Sempai a pour philosophie de proposer des ressources pour construire les cours d&rsquo;Histoire-G\u00e9o de niveau coll\u00e8ge. Si quelques pistes p\u00e9dagogiques sont parfois propos\u00e9es, je pars du principe qu&rsquo;il est plus ais\u00e9 \u00e0 chaque prof de construire sa propre trame et d&rsquo;y ins\u00e9rer les documents propos\u00e9s sur ce blog.<\/p>\n\n\n\n<p>Pour ce qui est des trames p\u00e9dagogiques, il existe <a href=\"https:\/\/www.hgsempai.fr\/s112\" target=\"_blank\" rel=\"noopener noreferrer\">un autre blog <\/a>qui r\u00e9sume le cours propos\u00e9s aux \u00e9l\u00e8ves.<\/p>\n\n\n\n<p><img loading=\"lazy\" decoding=\"async\" width=\"88\" height=\"31\" class=\"thinglinkFiltered alignnone\" src=\"http:\/\/i.creativecommons.org\/l\/by-nc\/3.0\/fr\/88x31.png\" alt=\"Licence Creative Commons\"><br>Ce site est mis \u00e0 disposition selon les termes de la <a rel=\"license\" href=\"https:\/\/creativecommons.org\/licenses\/by-nc\/3.0\/fr\/\">Licence Creative Commons Attribution \u2013 Pas d\u2019Utilisation Commerciale 3.0 France<\/a>.<br>L\u2019ensemble des productions diffus\u00e9es sur ce site sont en licence Creative Commons : elles peuvent \u00eatre r\u00e9cup\u00e9r\u00e9es et modifi\u00e9es. La condition est qu\u2019il n\u2019y en ait pas d\u2019utilisation commerciale.<\/p>\n\n\n\n<h3 class=\"wp-block-heading\">Liens hypertextes et cookies.<\/h3>\n\n\n\n<p>Le site www.hgsempai.fr\/atelier contient un certain nombre de liens hypertextes vers d\u2019autres sites, mis en place avec l\u2019autorisation du webmaster. Cependant, celui-ci&nbsp;n\u2019a pas la possibilit\u00e9 de v\u00e9rifier le contenu des sites ainsi visit\u00e9s, et n\u2019assumera en cons\u00e9quence aucune responsabilit\u00e9 de ce fait.<\/p>\n\n\n\n<p>La navigation sur le site www.hgsempai.fr\/atelier&nbsp;est susceptible de provoquer l\u2019installation de cookie(s) sur l\u2019ordinateur de l\u2019utilisateur. Un cookie est un fichier de petite taille, qui ne permet pas l\u2019identification de l\u2019utilisateur, mais qui enregistre des informations relatives \u00e0 la navigation d\u2019un ordinateur sur un site. Les donn\u00e9es ainsi obtenues visent \u00e0 faciliter la navigation ult\u00e9rieure sur le site, et ont \u00e9galement vocation \u00e0 permettre diverses mesures de fr\u00e9quentation.<\/p>\n\n\n\n<p>Le refus d\u2019installation d\u2019un cookie peut entra\u00eener l\u2019impossibilit\u00e9 d\u2019acc\u00e9der \u00e0 certains services. L\u2019utilisateur peut toutefois configurer son ordinateur de la mani\u00e8re suivante, pour refuser l\u2019installation des cookies :<\/p>\n\n\n\n<p>Sous Internet Explorer : onglet outil \/ options internet. Cliquez sur Confidentialit\u00e9 et choisissez Bloquer tous les cookies. Validez sur Ok.<\/p>\n\n\n\n<p>Sous Google Chrome&nbsp;: onglet outils&nbsp;\/&nbsp;effacer les donn\u00e9es de navigations. Faites votre choix puis cliquez sur le bouton \u00ab&nbsp;effacer les donn\u00e9es de navigation&nbsp;\u00bb<\/p>\n\n\n\n<p>Sous Firefox : onglet option \/ vie priv\u00e9e\/ pistage (choisissez d\u2019\u00eatre traqu\u00e9 ou pas) \u2013 Historique : supprimer des cookies sp\u00e9cifiques \/ supprimer tous les cookies.<\/p>\n","protected":false},"excerpt":{"rendered":"<p>L&rsquo;Atelier d&rsquo;HG Sempai a pour philosophie de proposer des ressources pour construire les cours d&rsquo;Histoire-G\u00e9o de niveau coll\u00e8ge. Si quelques pistes p\u00e9dagogiques sont parfois propos\u00e9es, je pars du principe qu&rsquo;il est plus&#46;&#46;&#46;<\/p>\n","protected":false},"author":1,"featured_media":0,"parent":0,"menu_order":0,"comment_status":"open","ping_status":"open","template":"","meta":{"footnotes":""},"class_list":["post-915","page","type-page","status-publish","hentry"],"_links":{"self":[{"href":"https:\/\/www.hgsempai.fr\/atelier\/index.php?rest_route=\/wp\/v2\/pages\/915","targetHints":{"allow":["GET"]}}],"collection":[{"href":"https:\/\/www.hgsempai.fr\/atelier\/index.php?rest_route=\/wp\/v2\/pages"}],"about":[{"href":"https:\/\/www.hgsempai.fr\/atelier\/index.php?rest_route=\/wp\/v2\/types\/page"}],"author":[{"embeddable":true,"href":"https:\/\/www.hgsempai.fr\/atelier\/index.php?rest_route=\/wp\/v2\/users\/1"}],"replies":[{"embeddable":true,"href":"https:\/\/www.hgsempai.fr\/atelier\/index.php?rest_route=%2Fwp%2Fv2%2Fcomments&post=915"}],"version-history":[{"count":7,"href":"https:\/\/www.hgsempai.fr\/atelier\/index.php?rest_route=\/wp\/v2\/pages\/915\/revisions"}],"predecessor-version":[{"id":2685,"href":"https:\/\/www.hgsempai.fr\/atelier\/index.php?rest_route=\/wp\/v2\/pages\/915\/revisions\/2685"}],"wp:attachment":[{"href":"https:\/\/www.hgsempai.fr\/atelier\/index.php?rest_route=%2Fwp%2Fv2%2Fmedia&parent=915"}],"curies":[{"name":"wp","href":"https:\/\/api.w.org\/{rel}","templated":true}]}}