{"id":1491,"date":"2015-11-30T20:37:23","date_gmt":"2015-11-30T20:37:23","guid":{"rendered":"http:\/\/www.hgsempai.fr\/atelier\/?page_id=1491"},"modified":"2024-01-07T12:58:19","modified_gmt":"2024-01-07T12:58:19","slug":"histoire-2016","status":"publish","type":"page","link":"https:\/\/www.hgsempai.fr\/atelier\/?page_id=1491","title":{"rendered":"Histoire"},"content":{"rendered":"<h2 align=\"justify\">Classe de Sixi\u00e8me<\/h2>\n<h4 align=\"justify\">Th\u00e8me 1 &#8211; La longue histoire de l\u2019humanit\u00e9 et des migrations<\/h4>\n<ul>\n<li style=\"padding-left: 30px;\"><strong>6H1L1- Les d\u00e9buts de l\u2019humanit\u00e9<\/strong><\/li>\n<li style=\"padding-left: 30px;\"><strong>6H1L2- La \u00ab r\u00e9volution \u00bb n\u00e9olithique<\/strong><\/li>\n<li style=\"padding-left: 30px;\"><strong>6H1L3- Premiers \u00c9tats, premi\u00e8res \u00e9critures<\/strong><\/li>\n<\/ul>\n<h4 align=\"justify\">Th\u00e8me 2 &#8211; R\u00e9cits fondateurs, croyances et citoyennet\u00e9 dans la M\u00e9diterran\u00e9e antique au Ier mill\u00e9naire avant J.-C.<\/h4>\n<ul>\n<li style=\"padding-left: 30px;\"><strong><a href=\"https:\/\/www.hgsempai.fr\/atelier\/?tag=6h2l1\" target=\"_blank\" rel=\"noopener\">6H2L1- Le monde des cit\u00e9s grecques<\/a><\/strong><\/li>\n<li style=\"padding-left: 30px;\"><strong><a href=\"https:\/\/www.hgsempai.fr\/atelier\/?tag=6h2l2\" target=\"_blank\" rel=\"noopener\">6H2L2- Rome du mythe \u00e0 l\u2019histoire<\/a><\/strong><\/li>\n<li style=\"padding-left: 30px;\"><strong>6H2L3- La naissance du monoth\u00e9isme juif dans un monde polyth\u00e9iste<\/strong><\/li>\n<\/ul>\n<h4 align=\"justify\">Th\u00e8me 3 &#8211; L\u2019empire romain dans le monde antique<\/h4>\n<ul>\n<li style=\"padding-left: 30px;\"><strong><a href=\"https:\/\/www.hgsempai.fr\/atelier\/?tag=6h3l1\" target=\"_blank\" rel=\"noopener\">6H3L1- Conqu\u00eates, paix romaine et romanisation<\/a><\/strong><\/li>\n<li style=\"padding-left: 30px;\"><strong><a href=\"https:\/\/www.hgsempai.fr\/atelier\/?tag=6h3L2\" target=\"_blank\" rel=\"noopener\">6H3L2- Des chr\u00e9tiens dans l\u2019Empire<\/a><\/strong><\/li>\n<li style=\"padding-left: 30px;\"><strong><a href=\"https:\/\/www.hgsempai.fr\/atelier\/?tag=6h3L3\" target=\"_blank\" rel=\"noopener\">6H3L3- Les relations de l\u2019empire romain avec les autres mondes anciens : l\u2019ancienne route de la soie et la Chine des Han<\/a><\/strong><\/li>\n<\/ul>\n<h2 align=\"justify\">Classe de Cinqui\u00e8me<\/h2>\n<h4 align=\"justify\">Th\u00e8me 1 &#8211; Chr\u00e9tient\u00e9s et islam (VIe -XIIIe si\u00e8cles), des mondes en contact<\/h4>\n<ul>\n<li style=\"padding-left: 30px;\"><strong><a href=\"https:\/\/www.hgsempai.fr\/atelier\/?tag=5h1l1\" target=\"_blank\" rel=\"noopener\">5H1L1- Byzance et l\u2019Europe carolingienne.<\/a><\/strong><\/li>\n<li style=\"padding-left: 30px;\"><strong><a href=\"https:\/\/www.hgsempai.fr\/atelier\/?tag=5h1l2\" target=\"_blank\" rel=\"noopener\">5H1L2- De la naissance de l\u2019islam \u00e0 la prise de Bagdad par les Mongols : pouvoirs, soci\u00e9t\u00e9s, cultures.<\/a><\/strong><\/li>\n<\/ul>\n<h4 align=\"justify\">Th\u00e8me 2 &#8211; Soci\u00e9t\u00e9, \u00c9glise et pouvoir politique dans l\u2019occident f\u00e9odal (XIe -XVe si\u00e8cles)<\/h4>\n<ul>\n<li style=\"padding-left: 30px;\"><strong><a href=\"https:\/\/www.hgsempai.fr\/atelier\/?tag=5h2l1\" target=\"_blank\" rel=\"noopener\">5H2L1- L\u2019ordre seigneurial : la formation et la domination des campagnes<\/a><\/strong><\/li>\n<li style=\"padding-left: 30px;\"><strong><a href=\"https:\/\/www.hgsempai.fr\/atelier\/?tag=5h2l2\" target=\"_blank\" rel=\"noopener\">5H2L2- L\u2019\u00e9mergence d\u2019une nouvelle soci\u00e9t\u00e9 urbaine<\/a><\/strong><\/li>\n<li style=\"padding-left: 30px;\"><strong><a href=\"https:\/\/www.hgsempai.fr\/atelier\/?tag=5h2l3\" target=\"_blank\" rel=\"noopener\">5H2L3- L\u2019affirmation de l\u2019\u00c9tat monarchique dans le Royaume des Cap\u00e9tiens et des Valois<\/a><\/strong><\/li>\n<\/ul>\n<h4 align=\"justify\">Th\u00e8me 3 &#8211; Transformations de l\u2019Europe et ouverture sur le monde aux XVIe et XVIIe si\u00e8cles<\/h4>\n<ul>\n<li style=\"padding-left: 30px;\"><strong><a href=\"https:\/\/www.hgsempai.fr\/atelier\/?tag=5h3l1\" target=\"_blank\" rel=\"noopener\">5H3L1- Le monde au temps de Charles Quint et Soliman le Magnifique<\/a><\/strong><\/li>\n<li style=\"padding-left: 30px;\"><strong><a href=\"https:\/\/www.hgsempai.fr\/atelier\/?tag=5h3l2\" target=\"_blank\" rel=\"noopener\">5H3L2- Humanisme, r\u00e9formes et conflits religieux<\/a><\/strong><\/li>\n<li style=\"padding-left: 30px;\"><strong><a href=\"https:\/\/www.hgsempai.fr\/atelier\/?tag=5h3l3\" target=\"_blank\" rel=\"noopener\">5H3L3- Du Prince de la Renaissance au roi absolu (Fran\u00e7ois Ier, Henri IV, Louis XIV)<\/a><\/strong><\/li>\n<\/ul>\n<h2 align=\"justify\">Classe de Quatri\u00e8me<\/h2>\n<h4 align=\"justify\">Th\u00e8me 1 &#8211; Le XVIIIe si\u00e8cle. Expansions, Lumi\u00e8res et r\u00e9volutions<\/h4>\n<ul>\n<li style=\"padding-left: 30px;\"><strong><a href=\"https:\/\/www.hgsempai.fr\/atelier\/?tag=4H1l1\" target=\"_blank\" rel=\"noopener\">4H1L1- Bourgeoisies marchandes, n\u00e9goces internationaux et traites n\u00e9gri\u00e8res au XVIII e si\u00e8cle.<\/a><\/strong><\/li>\n<li style=\"padding-left: 30px;\"><strong><a href=\"https:\/\/www.hgsempai.fr\/atelier\/?tag=4H1l2\" target=\"_blank\" rel=\"noopener\">4H1L2- L\u2019Europe des Lumi\u00e8res : circulation des id\u00e9es, despotisme \u00e9clair\u00e9 et contestation de l\u2019absolutisme.<\/a><\/strong><\/li>\n<li style=\"padding-left: 30px;\"><strong><a href=\"https:\/\/www.hgsempai.fr\/atelier\/?tag=4H1l3\" target=\"_blank\" rel=\"noopener\">4H1L3- La R\u00e9volution fran\u00e7aise et l\u2019Empire : nouvel ordre politique et soci\u00e9t\u00e9 r\u00e9volutionn\u00e9e en France et en Europe.<\/a><\/strong><\/li>\n<\/ul>\n<h4 align=\"justify\">Th\u00e8me 2 &#8211; L\u2019Europe et le monde au XIXe si\u00e8cle<\/h4>\n<ul>\n<li style=\"padding-left: 30px;\"><strong><a href=\"https:\/\/www.hgsempai.fr\/atelier\/?tag=4H2l1\" target=\"_blank\" rel=\"noopener\">4H2L1- L\u2019Europe de la \u00ab r\u00e9volution industrielle \u00bb.<\/a><\/strong><\/li>\n<li style=\"padding-left: 30px;\"><strong><a href=\"https:\/\/www.hgsempai.fr\/atelier\/?tag=4H2l2\" target=\"_blank\" rel=\"noopener\">4H2L2- Conqu\u00eates et soci\u00e9t\u00e9s coloniales.<\/a><\/strong><\/li>\n<\/ul>\n<h4 align=\"justify\">Th\u00e8me 3 &#8211; Soci\u00e9t\u00e9, culture et politique dans la France du XIXe si\u00e8cle<\/h4>\n<ul>\n<li style=\"padding-left: 30px;\"><strong><a href=\"https:\/\/www.hgsempai.fr\/atelier\/?tag=4H3l1\" target=\"_blank\" rel=\"noopener\">4H3L1- Une difficile conqu\u00eate : voter de 1815 \u00e0 1870.<\/a><\/strong><\/li>\n<li style=\"padding-left: 30px;\"><strong><a href=\"https:\/\/www.hgsempai.fr\/atelier\/?tag=4H3l2\" target=\"_blank\" rel=\"noopener\">4H3L2- La Troisi\u00e8me R\u00e9publique.<\/a><\/strong><\/li>\n<li style=\"padding-left: 30px;\"><strong><a href=\"https:\/\/www.hgsempai.fr\/atelier\/?tag=4H3l3\" target=\"_blank\" rel=\"noopener\">4H3L3- Conditions f\u00e9minines dans une soci\u00e9t\u00e9 en mutation.<\/a><\/strong><\/li>\n<\/ul>\n<h2 align=\"justify\">Classe de Troisi\u00e8me<\/h2>\n<h4 align=\"justify\">Th\u00e8me 1 &#8211; L\u2019Europe, un th\u00e9\u00e2tre majeur des guerres totales (1914-1945)<\/h4>\n<ul>\n<li style=\"padding-left: 30px;\"><strong><a href=\"https:\/\/www.hgsempai.fr\/atelier\/?tag=3h1l1\" target=\"_blank\" rel=\"noopener\">3H1L1- Civils et militaires dans la Premi\u00e8re Guerre mondiale.<\/a><\/strong><\/li>\n<li style=\"padding-left: 30px;\"><strong><a href=\"https:\/\/www.hgsempai.fr\/atelier\/?tag=3h1l2\" target=\"_blank\" rel=\"noopener\">3H1L2- D\u00e9mocraties fragilis\u00e9es et exp\u00e9riences totalitaires dans l\u2019Europe de l\u2019entre- deux-guerres.<\/a><\/strong><\/li>\n<li style=\"padding-left: 30px;\"><strong><a href=\"https:\/\/www.hgsempai.fr\/atelier\/?tag=3h1l3\" target=\"_blank\" rel=\"noopener\">3H1L3- La Deuxi\u00e8me Guerre mondiale, une guerre d\u2019an\u00e9antissement.<\/a><\/strong><\/li>\n<li style=\"padding-left: 30px;\"><strong><a href=\"https:\/\/www.hgsempai.fr\/atelier\/?tag=3h1l4\" target=\"_blank\" rel=\"noopener\">3H1L4- La France d\u00e9faite et occup\u00e9e. R\u00e9gime de Vichy, collaboration, R\u00e9sistance.<\/a><\/strong><\/li>\n<\/ul>\n<h4 align=\"justify\">Th\u00e8me 2 &#8211; Le monde depuis 1945<\/h4>\n<ul>\n<li style=\"padding-left: 30px;\"><strong><a href=\"https:\/\/www.hgsempai.fr\/atelier\/?tag=3h2l1\" target=\"_blank\" rel=\"noopener\">3H2L1- Ind\u00e9pendances et construction de nouveaux \u00c9tats.<\/a><\/strong><\/li>\n<li style=\"padding-left: 30px;\"><strong><a href=\"https:\/\/www.hgsempai.fr\/atelier\/?tag=3h2l2\" target=\"_blank\" rel=\"noopener\">3H2L2- Un monde bipolaire au temps de la guerre froide.<\/a><\/strong><\/li>\n<li style=\"padding-left: 30px;\"><a href=\"https:\/\/www.hgsempai.fr\/atelier\/?tag=3H2L3\"><strong>3H2L3- Affirmation et mise en \u0153uvre du projet europ\u00e9en.<\/strong><\/a><\/li>\n<li style=\"padding-left: 30px;\"><strong><a href=\"https:\/\/www.hgsempai.fr\/atelier\/?tag=3h2l4\" target=\"_blank\" rel=\"noopener\">3H2L4- Enjeux et conflits dans le monde apr\u00e8s 1989.<\/a><\/strong><\/li>\n<\/ul>\n<h4 align=\"justify\">Th\u00e8me 3 &#8211; Fran\u00e7aises et Fran\u00e7ais dans une R\u00e9publique repens\u00e9e<\/h4>\n<ul>\n<li style=\"padding-left: 30px;\"><strong><a href=\"https:\/\/www.hgsempai.fr\/atelier\/?tag=3h3l1\" target=\"_blank\" rel=\"noopener\">3H3L1- 1944-1947, refonder la R\u00e9publique, red\u00e9finir la d\u00e9mocratie.<\/a><\/strong><\/li>\n<li style=\"padding-left: 30px;\"><strong><a href=\"https:\/\/www.hgsempai.fr\/atelier\/?tag=3h3l2\" target=\"_blank\" rel=\"noopener\">3H3L2- La V e R\u00e9publique, de la R\u00e9publique gaullienne \u00e0 l\u2019alternance et \u00e0 la cohabitation.<\/a><\/strong><\/li>\n<li style=\"padding-left: 30px;\"><strong><a href=\"https:\/\/www.hgsempai.fr\/atelier\/?tag=3h3l3\" target=\"_blank\" rel=\"noopener\">3H3L3- Femmes et hommes dans la soci\u00e9t\u00e9 des ann\u00e9es 1950 aux ann\u00e9es 1980 : nouveaux enjeux sociaux et culturels, r\u00e9ponses politiques.<\/a><\/strong><\/li>\n<\/ul>\n","protected":false},"excerpt":{"rendered":"<p>Classe de Sixi\u00e8me Th\u00e8me 1 &#8211; La longue histoire de l\u2019humanit\u00e9 et des migrations 6H1L1- Les d\u00e9buts de l\u2019humanit\u00e9 6H1L2- La \u00ab r\u00e9volution \u00bb n\u00e9olithique 6H1L3- Premiers \u00c9tats, premi\u00e8res \u00e9critures Th\u00e8me 2&#46;&#46;&#46;<\/p>\n","protected":false},"author":1,"featured_media":0,"parent":0,"menu_order":0,"comment_status":"closed","ping_status":"closed","template":"","meta":{"footnotes":""},"class_list":["post-1491","page","type-page","status-publish","hentry"],"_links":{"self":[{"href":"https:\/\/www.hgsempai.fr\/atelier\/index.php?rest_route=\/wp\/v2\/pages\/1491","targetHints":{"allow":["GET"]}}],"collection":[{"href":"https:\/\/www.hgsempai.fr\/atelier\/index.php?rest_route=\/wp\/v2\/pages"}],"about":[{"href":"https:\/\/www.hgsempai.fr\/atelier\/index.php?rest_route=\/wp\/v2\/types\/page"}],"author":[{"embeddable":true,"href":"https:\/\/www.hgsempai.fr\/atelier\/index.php?rest_route=\/wp\/v2\/users\/1"}],"replies":[{"embeddable":true,"href":"https:\/\/www.hgsempai.fr\/atelier\/index.php?rest_route=%2Fwp%2Fv2%2Fcomments&post=1491"}],"version-history":[{"count":13,"href":"https:\/\/www.hgsempai.fr\/atelier\/index.php?rest_route=\/wp\/v2\/pages\/1491\/revisions"}],"predecessor-version":[{"id":4682,"href":"https:\/\/www.hgsempai.fr\/atelier\/index.php?rest_route=\/wp\/v2\/pages\/1491\/revisions\/4682"}],"wp:attachment":[{"href":"https:\/\/www.hgsempai.fr\/atelier\/index.php?rest_route=%2Fwp%2Fv2%2Fmedia&parent=1491"}],"curies":[{"name":"wp","href":"https:\/\/api.w.org\/{rel}","templated":true}]}}

<h2 align="justify">Classe de Sixième</h2>
<h4 align="justify">Thème 1 &#8211; La longue histoire de l’humanité et des migrations</h4>
<ul>
<li style="padding-left: 30px;"><strong>6H1L1- Les débuts de l’humanité</strong></li>
<li style="padding-left: 30px;"><strong>6H1L2- La « révolution » néolithique</strong></li>
<li style="padding-left: 30px;"><strong>6H1L3- Premiers États, premières écritures</strong></li>
</ul>
<h4 align="justify">Thème 2 &#8211; Récits fondateurs, croyances et citoyenneté dans la Méditerranée antique au Ier millénaire avant J.-C.</h4>
<ul>
<li style="padding-left: 30px;"><strong><a href="https://www.hgsempai.fr/atelier/?tag=6h2l1" target="_blank" rel="noopener">6H2L1- Le monde des cités grecques</a></strong></li>
<li style="padding-left: 30px;"><strong><a href="https://www.hgsempai.fr/atelier/?tag=6h2l2" target="_blank" rel="noopener">6H2L2- Rome du mythe à l’histoire</a></strong></li>
<li style="padding-left: 30px;"><strong>6H2L3- La naissance du monothéisme juif dans un monde polythéiste</strong></li>
</ul>
<h4 align="justify">Thème 3 &#8211; L’empire romain dans le monde antique</h4>
<ul>
<li style="padding-left: 30px;"><strong><a href="https://www.hgsempai.fr/atelier/?tag=6h3l1" target="_blank" rel="noopener">6H3L1- Conquêtes, paix romaine et romanisation</a></strong></li>
<li style="padding-left: 30px;"><strong><a href="https://www.hgsempai.fr/atelier/?tag=6h3L2" target="_blank" rel="noopener">6H3L2- Des chrétiens dans l’Empire</a></strong></li>
<li style="padding-left: 30px;"><strong><a href="https://www.hgsempai.fr/atelier/?tag=6h3L3" target="_blank" rel="noopener">6H3L3- Les relations de l’empire romain avec les autres mondes anciens : l’ancienne route de la soie et la Chine des Han</a></strong></li>
</ul>
<h2 align="justify">Classe de Cinquième</h2>
<h4 align="justify">Thème 1 &#8211; Chrétientés et islam (VIe -XIIIe siècles), des mondes en contact</h4>
<ul>
<li style="padding-left: 30px;"><strong><a href="https://www.hgsempai.fr/atelier/?tag=5h1l1" target="_blank" rel="noopener">5H1L1- Byzance et l’Europe carolingienne.</a></strong></li>
<li style="padding-left: 30px;"><strong><a href="https://www.hgsempai.fr/atelier/?tag=5h1l2" target="_blank" rel="noopener">5H1L2- De la naissance de l’islam à la prise de Bagdad par les Mongols : pouvoirs, sociétés, cultures.</a></strong></li>
</ul>
<h4 align="justify">Thème 2 &#8211; Société, Église et pouvoir politique dans l’occident féodal (XIe -XVe siècles)</h4>
<ul>
<li style="padding-left: 30px;"><strong><a href="https://www.hgsempai.fr/atelier/?tag=5h2l1" target="_blank" rel="noopener">5H2L1- L’ordre seigneurial : la formation et la domination des campagnes</a></strong></li>
<li style="padding-left: 30px;"><strong><a href="https://www.hgsempai.fr/atelier/?tag=5h2l2" target="_blank" rel="noopener">5H2L2- L’émergence d’une nouvelle société urbaine</a></strong></li>
<li style="padding-left: 30px;"><strong><a href="https://www.hgsempai.fr/atelier/?tag=5h2l3" target="_blank" rel="noopener">5H2L3- L’affirmation de l’État monarchique dans le Royaume des Capétiens et des Valois</a></strong></li>
</ul>
<h4 align="justify">Thème 3 &#8211; Transformations de l’Europe et ouverture sur le monde aux XVIe et XVIIe siècles</h4>
<ul>
<li style="padding-left: 30px;"><strong><a href="https://www.hgsempai.fr/atelier/?tag=5h3l1" target="_blank" rel="noopener">5H3L1- Le monde au temps de Charles Quint et Soliman le Magnifique</a></strong></li>
<li style="padding-left: 30px;"><strong><a href="https://www.hgsempai.fr/atelier/?tag=5h3l2" target="_blank" rel="noopener">5H3L2- Humanisme, réformes et conflits religieux</a></strong></li>
<li style="padding-left: 30px;"><strong><a href="https://www.hgsempai.fr/atelier/?tag=5h3l3" target="_blank" rel="noopener">5H3L3- Du Prince de la Renaissance au roi absolu (François Ier, Henri IV, Louis XIV)</a></strong></li>
</ul>
<h2 align="justify">Classe de Quatrième</h2>
<h4 align="justify">Thème 1 &#8211; Le XVIIIe siècle. Expansions, Lumières et révolutions</h4>
<ul>
<li style="padding-left: 30px;"><strong><a href="https://www.hgsempai.fr/atelier/?tag=4H1l1" target="_blank" rel="noopener">4H1L1- Bourgeoisies marchandes, négoces internationaux et traites négrières au XVIII e siècle.</a></strong></li>
<li style="padding-left: 30px;"><strong><a href="https://www.hgsempai.fr/atelier/?tag=4H1l2" target="_blank" rel="noopener">4H1L2- L’Europe des Lumières : circulation des idées, despotisme éclairé et contestation de l’absolutisme.</a></strong></li>
<li style="padding-left: 30px;"><strong><a href="https://www.hgsempai.fr/atelier/?tag=4H1l3" target="_blank" rel="noopener">4H1L3- La Révolution française et l’Empire : nouvel ordre politique et société révolutionnée en France et en Europe.</a></strong></li>
</ul>
<h4 align="justify">Thème 2 &#8211; L’Europe et le monde au XIXe siècle</h4>
<ul>
<li style="padding-left: 30px;"><strong><a href="https://www.hgsempai.fr/atelier/?tag=4H2l1" target="_blank" rel="noopener">4H2L1- L’Europe de la « révolution industrielle ».</a></strong></li>
<li style="padding-left: 30px;"><strong><a href="https://www.hgsempai.fr/atelier/?tag=4H2l2" target="_blank" rel="noopener">4H2L2- Conquêtes et sociétés coloniales.</a></strong></li>
</ul>
<h4 align="justify">Thème 3 &#8211; Société, culture et politique dans la France du XIXe siècle</h4>
<ul>
<li style="padding-left: 30px;"><strong><a href="https://www.hgsempai.fr/atelier/?tag=4H3l1" target="_blank" rel="noopener">4H3L1- Une difficile conquête : voter de 1815 à 1870.</a></strong></li>
<li style="padding-left: 30px;"><strong><a href="https://www.hgsempai.fr/atelier/?tag=4H3l2" target="_blank" rel="noopener">4H3L2- La Troisième République.</a></strong></li>
<li style="padding-left: 30px;"><strong><a href="https://www.hgsempai.fr/atelier/?tag=4H3l3" target="_blank" rel="noopener">4H3L3- Conditions féminines dans une société en mutation.</a></strong></li>
</ul>
<h2 align="justify">Classe de Troisième</h2>
<h4 align="justify">Thème 1 &#8211; L’Europe, un théâtre majeur des guerres totales (1914-1945)</h4>
<ul>
<li style="padding-left: 30px;"><strong><a href="https://www.hgsempai.fr/atelier/?tag=3h1l1" target="_blank" rel="noopener">3H1L1- Civils et militaires dans la Première Guerre mondiale.</a></strong></li>
<li style="padding-left: 30px;"><strong><a href="https://www.hgsempai.fr/atelier/?tag=3h1l2" target="_blank" rel="noopener">3H1L2- Démocraties fragilisées et expériences totalitaires dans l’Europe de l’entre- deux-guerres.</a></strong></li>
<li style="padding-left: 30px;"><strong><a href="https://www.hgsempai.fr/atelier/?tag=3h1l3" target="_blank" rel="noopener">3H1L3- La Deuxième Guerre mondiale, une guerre d’anéantissement.</a></strong></li>
<li style="padding-left: 30px;"><strong><a href="https://www.hgsempai.fr/atelier/?tag=3h1l4" target="_blank" rel="noopener">3H1L4- La France défaite et occupée. Régime de Vichy, collaboration, Résistance.</a></strong></li>
</ul>
<h4 align="justify">Thème 2 &#8211; Le monde depuis 1945</h4>
<ul>
<li style="padding-left: 30px;"><strong><a href="https://www.hgsempai.fr/atelier/?tag=3h2l1" target="_blank" rel="noopener">3H2L1- Indépendances et construction de nouveaux États.</a></strong></li>
<li style="padding-left: 30px;"><strong><a href="https://www.hgsempai.fr/atelier/?tag=3h2l2" target="_blank" rel="noopener">3H2L2- Un monde bipolaire au temps de la guerre froide.</a></strong></li>
<li style="padding-left: 30px;"><a href="https://www.hgsempai.fr/atelier/?tag=3H2L3"><strong>3H2L3- Affirmation et mise en œuvre du projet européen.</strong></a></li>
<li style="padding-left: 30px;"><strong><a href="https://www.hgsempai.fr/atelier/?tag=3h2l4" target="_blank" rel="noopener">3H2L4- Enjeux et conflits dans le monde après 1989.</a></strong></li>
</ul>
<h4 align="justify">Thème 3 &#8211; Françaises et Français dans une République repensée</h4>
<ul>
<li style="padding-left: 30px;"><strong><a href="https://www.hgsempai.fr/atelier/?tag=3h3l1" target="_blank" rel="noopener">3H3L1- 1944-1947, refonder la République, redéfinir la démocratie.</a></strong></li>
<li style="padding-left: 30px;"><strong><a href="https://www.hgsempai.fr/atelier/?tag=3h3l2" target="_blank" rel="noopener">3H3L2- La V e République, de la République gaullienne à l’alternance et à la cohabitation.</a></strong></li>
<li style="padding-left: 30px;"><strong><a href="https://www.hgsempai.fr/atelier/?tag=3h3l3" target="_blank" rel="noopener">3H3L3- Femmes et hommes dans la société des années 1950 aux années 1980 : nouveaux enjeux sociaux et culturels, réponses politiques.</a></strong></li>
</ul>

<p>Classe de Sixième Thème 1 &#8211; La longue histoire de l’humanité et des migrations 6H1L1- Les débuts de l’humanité 6H1L2- La « révolution » néolithique 6H1L3- Premiers États, premières écritures Thème 2&#46;&#46;&#46;</p>
